l(p) = 4*p + 2. Give l(q).
10
Suppose 0*u + 2*u = 4. Let h(s) = 3*s**u - 1 + s**2 - 6*s + 3 + s**3. Let n = -119 + 114. What is h(n)?
7
Let w(u) = -4*u + 9. Suppose 25 = -5*h - 0. Let r(y) = 3*y - 9. Let t(l) = h*w(l) - 6*r(l). Give t(-6).
-3
Let w(p) = p**2 + 6*p + 6. Let d be 5/15 - 23/(-3). Let k be (3 + 3)*d/12. Suppose -k*o = 3 - 19, 5*m = -5*o. What is w(m)?
-2
Suppose -5*j + v = -2*j + 10, 0 = 5*v - 20. Let c(q) be the first derivative of -2*q**2 - 3*q - 19. Give c(j).
5
Let w(u) = -4*u - 4*u + 2 + 7*u. Let t(o) = -o - 3. Let b be -3 + 4/((-4)/3). Let a be t(b). Determine w(a).
-1
Let y(l) = 3*l - 5. Suppose -11*d + 35 = -4*d. Let p(u) = u - 2. Let n(w) = d*p(w) - 2*y(w). Let b = 3 + -9. Determine n(b).
6
Let x(d) = d**2 + 10*d - 3. Let l be x(-11). Let h(f) = -l*f**2 - 7*f + 0*f**2 + 3*f**2 + 6*f**2. What is h(5)?
-10
Let p(t) = -3*t**2 + 3*t - 2. Let x = 5 - 3. What is p(x)?
-8
Let m(o) = -5*o - 1. Let v be 26 - 1*0/4. Let i be (-30)/(-26) + v/(-169). Determine m(i).
-6
Let a(v) = -v**3 - 6*v**2 - 5*v + 6. Let z be (-1 + 2)/(2/(-10)). What is a(z)?
6
Let y(h) = 14*h**3 - 8*h**2 + 6*h + 7. Let n(c) = -14*c**3 + 7*c**2 - 5*c - 6. Let a(p) = -7*n(p) - 6*y(p). Calculate a(-1).
-14
Let w(c) be the second derivative of -1/2*c**3 - 3/2*c**2 - 5/12*c**4 - 1/20*c**5 + 3*c + 0. Suppose q - 3*q = -3*b + 10, 3*b - 2 = -2*q. Give w(q).
-9
Let a(l) = l**3 - 6*l**2 + 3*l + 4. Let q = 4 - 3. Suppose x - q = -v - x, -5*v - 3*x = -5. Let n = 4 + v. Give a(n).
-6
Let x(a) = -3*a**2 + 3 + 3*a**2 + 5*a**2 + a**3 - 3*a - 9. Give x(-5).
9
Let b(c) = -3*c**2 + c - 2. Let p(j) = j**2 - j. Let h(u) = -8*u**2 + 4*u - 3. Let l(a) = -h(a) - 3*p(a). Let q(o) = 7*b(o) + 4*l(o). Let x = 2 + 3. Give q(x).
-12
Let c(u) be the third derivative of -u**5/60 - 5*u**4/12 + u**3 - 18*u**2. Give c(-8).
22
Suppose -3*t = 2*t - 5. Let i(m) = m + 2. Let y be i(t). Let g(c) = c**3 - 2*c**2 - c + 1. Determine g(y).
7
Let q be ((-36)/(-42))/((-2)/14). Let s(h) = h**3 + 7*h**2 + 6*h - 8. Give s(q).
-8
Suppose 0 = 4*a + 23 - 7. Let b(i) be the second derivative of 1/12*i**4 + 0 + 1/2*i**3 - 5/2*i**2 - 3*i. What is b(a)?
-1
Suppose 1 - 3 = 2*k. Let m(x) = x - x + 3*x. Give m(k).
-3
Let s(n) = -2*n**2 + 2*n - 9. Let w(x) = -5*x**2 + 7*x - 26. Let z(v) = -8*s(v) + 3*w(v). What is z(-7)?
8
Let m(c) be the second derivative of -c**3/6 - c**2/2 - 36*c. What is m(6)?
-7
Let b(w) be the first derivative of -2 - 8/3*w**3 + 1/2*w**2 + 0*w. Determine b(1).
-7
Let y(g) be the second derivative of -g**5/30 - g**4/12 + g**3/6 - g**2 + 3*g. Let n(m) be the first derivative of y(m). What is n(1)?
-3
Let v(p) = -4*p**2 - 9*p - 3. Let x(a) = 9*a**2 + 18*a + 5. Let h(u) = 7*v(u) + 3*x(u). Give h(-6).
12
Let p(w) be the first derivative of -w**2 - w - 21. What is p(-4)?
7
Let a = 5 + 0. Let d(y) = y + 13. Let h(x) = -2. Let p(u) = -9. Let z(s) = 21*h(s) - 4*p(s). Let l(k) = 2*d(k) + 5*z(k). Determine l(a).
6
Suppose 3*t - 2*t - 2 = 0. Let c(v) = -v**3 - 11*v**2 + v + 14. Let d be c(-11). Let f(l) = -4*l**3 + 5*l**3 - 2*l**2 + d*l - l**2. What is f(t)?
2
Let u(y) = 2*y - 28. Let f be u(10). Let m(h) = h**2 + 7*h - 11. What is m(f)?
-3
Let q be 3/(-6) - 15/(-6). Let v(l) = l - l**2 + 9 + 6*l**q - 4*l**2. Suppose 2*w - w = 0. Calculate v(w).
9
Let y(f) be the first derivative of f**3/3 + 5*f**2/2 - 4. Calculate y(-4).
-4
Let p(y) = 8*y**2 + 2*y - 1. Let j(w) = 17*w**2 + 5*w - 3. Let c(v) = -2*j(v) + 5*p(v). What is c(-1)?
7
Let o(a) be the first derivative of a**4/4 - 2*a - 4. Determine o(-2).
-10
Let m(p) = 1 - 2 + 3 + 14*p - 12*p. Let z be 102/(-27) + 4/(-18). What is m(z)?
-6
Let m(n) be the second derivative of -n**7/840 - n**6/360 + n**5/60 - n**4/24 + 7*n**3/6 - 6*n. Let i(v) be the second derivative of m(v). What is i(2)?
-9
Suppose 0*t - 12 = 2*t - 4*x, -28 = -2*t - 4*x. Suppose -4*v + 0*v = -20, 0 = 2*r + 4*v - 24. Let c(p) = -9 - r*p + 1 + 8. Determine c(t).
-8
Let a = 7 - 7. Let n(y) = -y + y**3 - 3*y**2 - 4 - y + a*y**3 - 1. Calculate n(4).
3
Let o(f) = -2*f - 3. Let y(d) = -2*d - 5. Let c(r) = -3*o(r) + 2*y(r). Let t(a) = a**2 + 5*a + 3. Let h be t(-4). Calculate c(h).
-3
Suppose -2*n - 12 = n. Let o be (-26)/(-6) - n/6. Let f(i) = i**3 - 6*i**2 + 8*i - 7. Give f(o).
8
Let l(o) = o**3 + 4*o**2 + 3*o + 1. Let w be l(-2). Let b = w + -1. Let k(g) = -g**3 + g**2 + 2*g + 1. Calculate k(b).
1
Let m(c) = 2*c**3 + 4*c**2 + 4*c + 4. Let n(z) = -3*z**3 - 8*z**2 - 8*z - 7. Let d(y) = 5*m(y) + 3*n(y). Calculate d(5).
4
Suppose -5*v - 15 = -2*v. Let p(q) = 16*q**2 + 25*q - 4. Let y(m) = -3*m**2 - 5*m + 1. Let b(o) = 2*p(o) + 11*y(o). What is b(v)?
3
Let t = -1 - -2. Let q = t - 3. Let m(v) = v. Calculate m(q).
-2
Let l(t) = -t**3 - 7*t**2 - 7*t - 5. Let h = -1 - 1. Let k be (-3 - -6)*h*1. What is l(k)?
1
Let p(j) = -14*j**2 - 4*j + 6. Suppose 4*r = -r - 20. Let l(m) = -13*m**2 - 3*m + 5. Let g(z) = r*p(z) + 5*l(z). Give g(-1).
-9
Let y = -2 + 0. Let x(p) = p**3 + p**2. Let u(z) = 3*z**3 + 4*z**2 + 4*z + 3. Let r(f) = u(f) - 2*x(f). Calculate r(y).
-5
Let d = -30 + 30. Let m(p) be the first derivative of -1/4*p**4 + d*p - 2 + p**3 + 3/2*p**2. Determine m(4).
-4
Suppose -5*t + 3*t = -8. Suppose 3 = -7*q + t*q. Let y(w) be the first derivative of 5*w**2/2 - w + 1. Give y(q).
-6
Let i(g) = -g - 1. Let k(b) = -2*b + 5. Let u(x) = 3*i(x) - k(x). Give u(-4).
-4
Suppose 7*m = 4*m + 6. Let w(b) = b**m + 5*b + 3*b - 2*b + 6. Determine w(-4).
-2
Let m be 18/8*(-32)/(-12). Let f(l) = -l - 1. Give f(m).
-7
Let s = -7 + 11. Let m(u) be the first derivative of u**3/3 - u**2 - 4*u + 1. Give m(s).
4
Let a be (-20)/(-9) - 10/45. Suppose -3*u - 1 = -2*r, 4*r - 6*r = a*u - 6. Let g(f) = 13*f**2 + f - 1. Determine g(u).
13
Let h(s) be the first derivative of -s**4/4 + 8*s**3/3 - 10*s + 15. Calculate h(8).
-10
Let s(t) = -4*t**2 + 3*t**2 - 1 + 5*t**2. Let a = -15 - -14. Determine s(a).
3
Let i(q) = q**3 + 7*q**2 + 9*q + 2. Suppose 0 = 2*n + 12 - 0. What is i(n)?
-16
Let q(i) = 2*i + 7. Let m(u) = 6*u - 50. Let s be m(7). Give q(s).
-9
Let l(j) be the third derivative of -j**5/60 + 2*j**3/3 + 2*j**2. Suppose -20*t + 12 = -24*t. What is l(t)?
-5
Let b(q) be the first derivative of -q**4/4 + 4*q**3/3 - 3*q**2/2 + 3. What is b(4)?
-12
Let y be 4/(8/(-10)) + -10 + 10. Let a(u) = 2*u**2 + 7*u + 1. Calculate a(y).
16
Suppose f + 2*x - 5 = -0*x, -2*f + 2*x = -28. Suppose 0*u - 4*s + f = u, -u = -s - 1. Let d(y) = -y**3 + 5*y**2 - 2*y - 3. Give d(u).
9
Let p = 8 - 6. Suppose -2*q + 9 = -q. Let u(n) = n**2 - 5 - q*n**3 + 4 + p*n**3. Calculate u(1).
-7
Let k(n) = -n**3 + 6*n**2 - 4*n + 5. Let w(s) = 2*s**3 - 12*s**2 + 7*s - 10. Let r(u) = 5*k(u) + 2*w(u). Determine r(5).
0
Let h(m) be the first derivative of -m**3/3 - m**2 + m + 29. Determine h(-4).
-7
Let t(i) be the first derivative of -1 - 1/2*i**2 - 3*i. Let o = 16 - 19. Determine t(o).
0
Let s(r) = -3*r + 1. Let p(w) = 2*w. Let o be p(-1). Let x be s(o). Let q(h) = -x*h + 0*h**2 + 4*h**2 + h**3 - 4 - 1. What is q(-5)?
5
Let r(j) = -j + 1. Suppose -3*y - 4*k - 16 = 0, y = -4*k - 24 + 8. What is r(y)?
1
Let v(k) = k**3 - 8*k**2 + 5*k + 2. Let f(q) = -q**2 + q. Let w(j) = 6*f(j) - v(j). Let d(n) = -n**3 + n**2 - 2*n + 2. Let a be d(0). Give w(a).
0
Let s(n) = 2*n**2 - 2*n + 1. Let k(c) = c**3 - 6*c**2 + 4*c + 5. Let o be k(4). Suppose 5*f = -159 + 59. Let m be 4/f + o/(-5). Determine s(m).
5
Let g(d) = -2*d + 7. Let a(h) be the third derivative of -h**4/24 + h**3/2 + h**2. Let s = -4 + -3. Let w(b) = s*a(b) + 3*g(b). What is w(-3)?
-3
Let w(h) = -2*h**2 - 3*h + 1. Let z(r) = -4*r + 5*r**2 + 11*r - 4 + 2. Let b(a) = 7*w(a) + 3*z(a). Suppose 0*y + 2 = 2*y. Calculate b(y).
2
Let w(a) be the second derivative of a**4/6 + 5*a**3/6 + a**2 - 7*a. Suppose -2*u + 0*u - 2 = -2*f, 4*u = 2*f - 6. Let q be 0/(f*2) - 3. Give w(q).
5
Let c be 56/12 + 2/6. Let p(r) = -r. Give p(c).
-5
Let j(a) = 2*a + 3. Let u be j(-2). Let r(g) = 1. Let h(k) = -k. Let c(p) = u*r(p) - h(p). Suppose -5*z = -0*z + 15. Give c(z).
-4
Let t(w) = w**2 - 6*w + 1. Let s(f) = 0 - 2 + f**2 + 8 - 1 + 10*f. Let y be s(-10). Give t(y).
-4
Let c(i) = -i - 7. Suppose -4*p + 10 = -6*p. Give c(p).
-2
Let a(w) = 8*w**3 - 2*w**2 + 1. Let q be (-1)/4 + 15/12. What is a(q)?
7
Let j be (-93)/(-360) - (-5 - (-147)/28). Let s(f) be the